is the remainder when 427 is divided by u(-4)?
11
Calculate the remainder when 186 - -3*(-2)/6 is divided by 15/(75/205) + 6.
44
Let i(t) = 103*t + 33. Let h be i(-2). Let j = 209 + h. What is the remainder when 107 is divided by j?
35
Calculate the remainder when 1140 is divided by (-2)/2*(-20)/((-13 + 25)/48).
20
Let h(c) = c**2 + 9*c - 144. Let a = -667 - -677. What is the remainder when h(a) is divided by 15?
1
Let s = 48 - -21. Suppose -70*z + 9 = -s*z. Calculate the remainder when 33 is divided by z.
6
Let y(o) = 4*o**2 - 9*o + 96. Calculate the remainder when y(-5) is divided by 69.
34
Suppose -38 = -3*x + 49. Suppose 0 = -s - 5*j - 25, 22*j = 4*s + 17*j. Let q(r) = -r**3 - 2*r**2 + 2*r + 20. What is the remainder when q(s) is divided by x?
27
What is the remainder when (2 + -9)*(7 + -6)*-83 is divided by 174?
59
Suppose 155 + 16 = h. Suppose -257 + 502 = 7*k. Calculate the remainder when h is divided by k.
31
Calculate the remainder when (3334/6 - 0) + (-33)/(-99) is divided by 188.
180
Let a = 9367 + -9348. Let v(w) = 7*w - 3. Suppose 2*n - n = 2. What is the remainder when a is divided by v(n)?
8
Suppose i - 9 + 9 = 0. Let y = -4 - i. What is the remainder when y/(-1) - (-3 - (-2 - -1)) is divided by 3?
0
Suppose 0 = 2*c - v + 6, 0 = 2*c + v + 14 - 8. Calculate the remainder when 77 is divided by 0 - 22/3*c.
11
Suppose 2*h = 2*m + 151 - 11, -2*m - 5*h - 126 = 0. Let u = 160 + m. Calculate the remainder when u is divided by 48.
44
Suppose 9 = 5*a - 11. Suppose a*q - k + 342 = 0, q - 2*k = k - 91. Let o = q - -173. What is the remainder when o is divided by 18?
16
Suppose 18*o = -2*o + 340. Let h(z) = 4*z + 30. Let y be h(-10). Let i(r) = r**2 + 9*r - 4. What is the remainder when o is divided by i(y)?
5
Suppose 5*q + 1818 = -4*g - 55, -5*q + g = 1888. Let d = q - -391. Calculate the remainder when 62 is divided by d.
6
Suppose 205*b = 203*b + 300. Suppose 0*h = -2*h - o + 63, -5*h = 5*o - b. Calculate the remainder when 195 is divided by h.
30
Let s(d) = 5*d - 6*d + 36*d**2 + 55*d**3 - 32*d**2. What is the remainder when 112 is divided by s(1)?
54
Suppose -32*f - 110*f + 15317 = 147*f. Calculate the remainder when 276 is divided by f.
11
Let g(q) = q**3 - 81*q**2 + 160*q - 63. Calculate the remainder when 301 is divided by g(79).
16
Let u(j) = -j**2 - 16*j + 12. Let h be u(-17). Let t be ((-5)/2)/h*0. Suppose 29*d - 32*d + 165 = t. What is the remainder when d is divided by 30?
25
Suppose -3*l + 3 = 0, 1058 + 191 = -3*t + 4*l. Let z = 429 + t. What is the remainder when z is divided by 6?
2
Let a(r) = -r**3 - 22*r**2 + 53*r - 28. Let m be a(-23). Let q = -683 - m. What is the remainder when q is divided by 16?
3
Let m(p) = p**3 - 29*p**2 - 16*p + 486. What is the remainder when 82 is divided by m(29)?
16
Let y be -6*(-1)/((-8)/12) + 1. Let x(j) = -j**3 - 7*j**2 + 3*j - 9. What is the remainder when 61 is divided by x(y)?
30
Let i(a) = 3*a**3 - 11*a**2 + 163*a - 1565. Calculate the remainder when i(9) is divided by 123.
91
Let s be (-1 + (-30)/(-4))*2. Suppose -s - 17 = -r. Let u = -2462 + 2521. What is the remainder when u is divided by r?
29
Let x = -26 - -121. Suppose -87*c + x*c = 280. What is the remainder when c is divided by 32?
3
What is the remainder when 664/(-249)*(-3 + 0)*23 is divided by 29?
10
Let v = 112 - 54. Let i(j) = 30*j + 226. What is the remainder when (1 + v/(-10))*5*-1 is divided by i(-7)?
8
Let c = 11 + -4. Let y(z) = -z**2 + 8*z + 7. Calculate the remainder when (1336/(-20) + (-7)/35)*-1 is divided by y(c).
11
Let b be 3 + 2 - -1 - 3. Let f = 3 + 0. Suppose f*o + 0*o = b. What is the remainder when 1 is divided by o?
0
Let d(t) = -16*t - 85. What is the remainder when d(-12) is divided by -10*(0 + -2 - -1)?
7
Suppose -z + 2*t = -70, -z + 2*t + 298 = 3*z. Let m = z + -3. Suppose 5*y - 72 = -3*g, -3*g + 44 = -5*y + 2. Calculate the remainder when m is divided by g.
16
Let i = 2378 - 2069. Calculate the remainder when i is divided by -1 - 0 - (-2 - 25).
23
Suppose -78 = -2*k + 4*r, 5*k - 2*r + 0*r - 203 = 0. Let a(b) = -b**3 + 31*b**2 - 193*b - 34. What is the remainder when k is divided by a(9)?
8
Let x(m) = -2*m**3 - 15*m**2 - 17*m - 241. Calculate the remainder when x(-9) is divided by (-376)/12*12/(-8).
14
Let d = -192021 + 192112. Let m = 86 + -38. Calculate the remainder when d is divided by m.
43
Let m = -3387 + 3436. Calculate the remainder when 181 is divided by m.
34
Suppose 2707 = 4*r - 5*s, -101*r + s = -98*r - 2033. Calculate the remainder when r is divided by 24.
6
Suppose -12*l - 1 = k - 9*l, 0 = 4*k + 4*l + 12. Let i(a) = a**2 + 5*a + 11. What is the remainder when 48 is divided by i(k)?
6
What is the remainder when 219 is divided by (-35)/(-5) - (-5)/(5/22)?
16
Suppose -4*f + 39 = -1. Let y be (21/2)/(6/(82 + 2)). Calculate the remainder when ((-8)/(-14))/(6/y) is divided by f.
4
Let a be (0 - (-4)/(-1 + -3))*5. Let d(s) = 4*s**3 - 2*s + 1. Calculate the remainder when (a + 44/8)*10 is divided by d(1).
2
Suppose 8*m = 13*m - 50. Suppose -3*o - 805 = -m*o. Let w = -90 + o. What is the remainder when 148 is divided by w?
23
Let y be ((-682)/155)/(-1 - (-66)/65). Let z = -263 - y. Calculate the remainder when 457 is divided by z.
20
Suppose 116 = 3*a + a. Let d(c) = -c**2 - 10*c + 9. Let p be d(-11). What is the remainder when (-5 - p) + -1 + 89 + 0 is divided by a?
27
Calculate the remainder when 4616 is divided by (5 + (-10)/20)*14/(-6)*-4.
38
Let g(a) = -3*a**2 + a - 124. Let c be g(0). Let t = -111 - c. Calculate the remainder when 56 is divided by t.
4
Let m = 4 + 0. Let b(w) be the second derivative of w**5/4 + 17*w**4/12 + w**3/2 - 3*w**2 - w - 3. What is the remainder when m is divided by b(-3)?
1
Suppose -2*y + 3*i = -21, 4*y - 92 = -89*i + 85*i. What is the remainder when 3401 is divided by y?
17
Suppose o + 28 = f, f - 1358 = -4*o - 1325. What is the remainder when 14176 is divided by f?
24
Suppose 2*f + 17 = 3*s, -s = -5*s - 5*f + 61. Suppose -4*v = 6*v - 80. Suppose -32 + v = -b. What is the remainder when b is divided by s?
6
Let q(t) = -t**2 - t - 20. Let m be q(0). Suppose -3*k - 24 = -4*i, 15 = -4*i + 27. Let l = k - m. Calculate the remainder when 79 is divided by l.
15
Let f(h) = 3*h**2 - 21*h - 173. What is the remainder when (-942)/(-8) - (-4)/16 is divided by f(12)?
6
Let r = 21 + -11. Let j = -33469 + 33537. What is the remainder when j is divided by r?
8
Let l be -5 - 62*3/(-6). Let o = 40 - l. Suppose -3*y = -14 - 10. What is the remainder when o is divided by y?
6
Suppose -40 = 4*p - 160. Let r = -79 + 113. Suppose 4*m - r = 2*m. Calculate the remainder when p is divided by m.
13
Let k = -130 - -164. Let p = -10 - -110. Calculate the remainder when p is divided by k.
32
Suppose 4*m + 125 = -3*k, 5*m + 4*k = 2*m - 92. Let n(t) = t**3 + 33*t**2 + 34*t + 66. Calculate the remainder when 20 is divided by n(m).
0
Let i(u) be the first derivative of u**3/3 - 6*u**2 + 73*u + 126. What is the remainder when 103 is divided by i(7)?
27
Let d(g) = 285*g - 281*g + 5*g**2 - 6 + 2*g**2. Calculate the remainder when d(4) is divided by 41.
40
Suppose 3*l + 1 - 13 = 0. Suppose -7*h - 21 = -l*h. What is the remainder when 103 is divided by h/((-57)/(-15) - 4)?
33
Let l(x) = 6*x**3 + 6*x**2 + 12. Let b(a) = 7*a**3 + 7*a**2 - a + 13. Let c(n) = 5*b(n) - 6*l(n). What is the remainder when c(-5) is divided by 31?
25
Suppose -2*m = -o + 3 + 10, -4*o + 5*m + 40 = 0. Suppose 0*x - 26 = -x - 3*k, -o*k - 53 = -4*x. What is the remainder when 128 is divided by x?
9
Let o(t) = -t**3 + 32*t**2 - 91*t - 154. What is the remainder when o(28) is divided by 21?
14
Calculate the remainder when 558 is divided by -10 + (-4)/(40/(-1230)).
106
Let q(p) = p**2 + 19*p + 11. Let n be (-14)/(5/(-40) + 38/48). Let d be q(n). Let a = d - 28. What is the remainder when a is divided by 7?
4
Let i = 291 + -145. Suppose -2*a - 32 = -i. What is the remainder when 282 is divided by a?
54
Suppose 4*o = -4*i + 4, -10 = -o - 9. Suppose -s + 941 - 915 = i. Calculate the remainder when 74 is divided by s.
22
Suppose 0*p - 52 = -2*p. Let y = 44702 + -44081. Calculate the remainder when y is divided by p.
23
Let g be (-1 - 0)/((-15)/5985). Suppose 0 = 4*c + 3*n - 848, -n - g - 661 = -5*c. Calculate the remainder when c is div